{"id":2205,"date":"2025-12-30T02:59:16","date_gmt":"2025-12-30T02:59:16","guid":{"rendered":"https:\/\/www.costaricasurfandsup.com\/sitio\/?page_id=2205"},"modified":"2026-01-28T18:58:40","modified_gmt":"2026-01-28T18:58:40","slug":"traitements-therapeutiques","status":"publish","type":"page","link":"https:\/\/www.costaricasurfandsup.com\/sitio\/fr\/traitements-therapeutiques\/","title":{"rendered":"Traitements th\u00e9rapeutiques"},"content":{"rendered":"<p>&nbsp;<\/p>\n<div class=\"paquetes\">\n<h1 style=\"text-align: center; font-family: fonty3; color: #f6bc61;\">Traitements th\u00e9rapeutiques<\/h1>\n<p class=\"too much text\">En tant qu&#8217;athl\u00e8te et surfeur, j&#8217;ai subi de nombreux types de blessures. Dans certains cas, j&#8217;ai b\u00e9n\u00e9fici\u00e9 de l&#8217;aide d&#8217;un kin\u00e9sith\u00e9rapeute. Depuis, je m&#8217;int\u00e9resse \u00e0 un sous-domaine de la kin\u00e9sith\u00e9rapie appel\u00e9 th\u00e9rapie manuelle.<br \/>\nCes derni\u00e8res ann\u00e9es, j&#8217;ai suivi une formation et travaill\u00e9 dans le domaine de la th\u00e9rapie manuelle en Europe. Je souhaite d\u00e9sormais proposer ces services au Costa Rica.<br \/>\nPour prendre rendez-vous, appelez-moi au <a href=\"tel:+50684340444\" id=\"phone\">+506 84340444<\/a> ou envoyez-moi un message sur <a href=\"https:\/\/wa.me\/50684340444?text=Hi,%20I%20need%20Therapeutic%20Treatment%20\" rel=\"noopener\" target=\"_blank\">WhatsApp<\/a>.\n<\/p>\n<p><img loading=\"lazy\" decoding=\"async\" src=\"https:\/\/www.costaricasurfandsup.com\/sitio\/wp-content\/uploads\/2026\/01\/therapeutic-bed-outdoors-1.webp\" alt=\"lit pour traitements th\u00e9rapeutiques\" width=\"1100\" height=\"590\" class=\"aligncenter size-full wp-image-2222\" srcset=\"https:\/\/www.costaricasurfandsup.com\/sitio\/wp-content\/uploads\/2026\/01\/therapeutic-bed-outdoors-1.webp 1100w, https:\/\/www.costaricasurfandsup.com\/sitio\/wp-content\/uploads\/2026\/01\/therapeutic-bed-outdoors-1-300x161.webp 300w, https:\/\/www.costaricasurfandsup.com\/sitio\/wp-content\/uploads\/2026\/01\/therapeutic-bed-outdoors-1-1024x549.webp 1024w, https:\/\/www.costaricasurfandsup.com\/sitio\/wp-content\/uploads\/2026\/01\/therapeutic-bed-outdoors-1-768x412.webp 768w\" sizes=\"(max-width: 1100px) 100vw, 1100px\" \/><\/p>\n<p>&nbsp;<\/p>\n<div id=\"boards\" class=\"audrey\">\n<p>&nbsp;<\/p>\n<h2 style=\"color: #f6bc61;\">Quelles techniques de th\u00e9rapie manuelle est-ce que je propose?<\/h2>\n<p><a href=\"#joint\">Ajustements conjoints<\/a><br \/>\nTechniques de physioth\u00e9rapie<br \/>\n<a href=\"#acupressure\">Acupression &#8211; Digitopuncture<\/a><br \/>\nTh\u00e9rapie manuelle<br \/>\n<a href=\"#tissue\">Massage des tissus profonds<\/a><br \/>\n<a href=\"#magnetic\">Techniques de frottement magn\u00e9tique<\/a><\/p>\n<p>&nbsp;<\/p>\n<p>&nbsp;<\/p>\n<p><!--- div ---><\/div>\n<div class=\"socios\">\n<div class=\"audrey\">\n<p id=\"partners\">&nbsp;<\/p>\n<h2 style=\"text-align: center; font-family: fonty3; color: #f6bc61;\" >Avis des clients<\/h2>\n<ul>\n<li>\n<p>Une combinaison imbattable pour les vacances : surf et massage. En plus d&#8217;\u00eatre monitrice de surf, Audrey est une masseuse extr\u00eamement comp\u00e9tente. Je la recommande vivement.<\/p>\n<p><a href=\"https:\/\/maps.app.goo.gl\/EbDCYH2qZ15Mg9Tw7\" target=\"_blank\" rel=\"noopener\">Lire l&#8217;avis sur Google Maps<\/a><\/p>\n<\/li>\n<li>\n<p>J&#8217;ai eu des probl\u00e8mes au bas du dos pendant environ une semaine et je suis all\u00e9e essayer la massoth\u00e9rapie d&#8217;Audrey. Elle a commenc\u00e9 par rechercher les tensions dans mon corps et a mass\u00e9 les endroits douloureux. Elle a \u00e9galement utilis\u00e9 des pierres chaudes et des mouvements chiropratiques pour soulager mes tensions ! Le lendemain, je ne ressentais plus aucune douleur. Je recommande vivement Audrey et j&#8217;ai ador\u00e9 son espace et l&#8217;atmosph\u00e8re qui y r\u00e8gne : une d\u00e9tente totale !<\/p>\n<p><a href=\"https:\/\/maps.app.goo.gl\/icWaJjJQC6GCBbUs6\/\" target=\"_blank\" rel=\"noopener\">Lire l&#8217;avis sur Google Maps<\/a><\/p>\n<\/li>\n<\/ul>\n<p>&nbsp;<\/p>\n<\/div>\n<\/div>\n<p><!--- div ---><\/p>\n<div id=\"house\" class=\"audrey\">\n<p>&nbsp;<\/p>\n<h2 style=\"color: #f6bc61;\">En tant que th\u00e9rapeute manuel, quels types de troubles traitez-vous principalement ?<\/h2>\n<p>Blessures<br \/>\nEntorses<br \/>\nSpasmes musculaires<br \/>\nProbl\u00e8mes aux \u00e9paules, aux coudes, aux poignets et aux chevilles<br \/>\nDouleur au cou, raideur de la nuque, lumbago, douleur dans le bas du dos, sciatique, <a href=\"#cruralgia\">cruralgie,<\/a>, et plus encore.<\/p>\n<p>&nbsp;<\/p>\n<h2 style=\"color: #f6bc61;\">O\u00f9 ai-je obtenu mes dipl\u00f4mes et acquis mon exp\u00e9rience en th\u00e9rapie manuelle ?<\/h2>\n<p>Formation, certifications et exp\u00e9rience en Belgique, en Suisse et en France.<\/p>\n<p>&nbsp;<\/p>\n<h2 style=\"color: #f6bc61;\">O\u00f9 travaillez-vous ?<\/h2>\n<p>Je re\u00e7ois mes patients dans mon cabinet priv\u00e9 ou \u00e0 leur domicile. Les visites \u00e0 domicile entra\u00eenent des frais suppl\u00e9mentaires.<\/p>\n<p id=\"joint\">&nbsp;<\/p>\n<h2 style=\"color: #f6bc61;\" >Qu&#8217;est-ce que l&#8217;ajustement articulaire ?<\/h2>\n<p>Que ce soit en raison de l&#8217;\u00e2ge ou d&#8217;une blessure, nos coudes, genoux, chevilles et poignets peuvent perdre leur \u00e9lasticit\u00e9 et devenir raides. L&#8217;ajustement articulaire est une technique qui vous permettra de retrouver, en partie ou en totalit\u00e9, l&#8217;\u00e9lasticit\u00e9 de vos articulations.<\/p>\n<p id=\"tissue\">&nbsp;<\/p>\n<h2 style=\"color: #f6bc61;\">Qu&#8217;est-ce que le massage des tissus profonds ?<\/h2>\n<p>Il s&#8217;agit d&#8217;un type de massage visant \u00e0 atteindre les couches profondes des muscles. Il consiste \u00e0 exercer une pression soutenue sur certaines zones, notamment le visage, afin de r\u00e9tablir le fonctionnement normal des muscles et des tendons.<br \/>\nCette technique s&#8217;est av\u00e9r\u00e9e tr\u00e8s efficace dans le traitement des spasmes musculaires, des douleurs myofasciales ou posturales et des blessures sportives.<\/p>\n<p id=\"acupressure\">&nbsp;<\/p>\n<h2 style=\"color: #f6bc61;\">Qu&#8217;est-ce que l&#8217;acupression ou la digitopuncture ?<\/h2>\n<p>Imaginez l&#8217;acupuncture sans les aiguilles. Cette technique utilise les m\u00eames points que l&#8217;acupuncture pour soulager de nombreux maux, notamment les maux de t\u00eate, les douleurs musculaires, les maux de dos et m\u00eame la fatigue ou les naus\u00e9es.<\/p>\n<p id=\"magnetic\">&nbsp;<\/p>\n<h2 style=\"color: #f6bc61;\">Qu&#8217;est-ce que la technique du frottement magn\u00e9tique ?<\/h2>\n<p>Le frottement est une technique de massage qui consiste \u00e0 exercer une pression plus forte avec les mains sur les zones mass\u00e9es. Dans ce cas, le massage est accompagn\u00e9 d&#8217;aimants qui contribuent \u00e0 am\u00e9liorer la circulation sanguine. Une meilleure circulation dans le corps est essentielle pour r\u00e9duire l&#8217;inflammation des blessures caus\u00e9es par l&#8217;activit\u00e9 physique.<\/p>\n<p id=\"cruralgia\">&nbsp;<\/p>\n<h2 style=\"color: #f6bc61;\">Qu&#8217;est-ce que la cruralgie ?<\/h2>\n<p>Elle est \u00e9galement connue sous le nom de n\u00e9vralgie crurale, car elle touche le nerf crural. Ce nerf est situ\u00e9 dans la cuisse. Toute douleur caus\u00e9e par un probl\u00e8me au niveau de ce nerf peut r\u00e9duire consid\u00e9rablement la mobilit\u00e9, car la marche provoque une sensation de br\u00fblure ou de picotement.<\/p>\n<p>&nbsp;<\/p>\n<p><img loading=\"lazy\" decoding=\"async\" src=\"https:\/\/www.costaricasurfandsup.com\/sitio\/wp-content\/uploads\/2026\/01\/audrey-mayoud-manual-therapist.webp\" alt=\"Th\u00e9rapeute manuelle pr\u00e8s d'un lit th\u00e9rapeutique\" width=\"675\" height=\"900\" class=\"aligncenter size-full wp-image-2214\" srcset=\"https:\/\/www.costaricasurfandsup.com\/sitio\/wp-content\/uploads\/2026\/01\/audrey-mayoud-manual-therapist.webp 675w, https:\/\/www.costaricasurfandsup.com\/sitio\/wp-content\/uploads\/2026\/01\/audrey-mayoud-manual-therapist-225x300.webp 225w\" sizes=\"(max-width: 675px) 100vw, 675px\" \/>\n<\/div>\n<p><!--- div ---><\/p>\n<p>&nbsp;<\/p>\n","protected":false},"excerpt":{"rendered":"<p>&nbsp; Traitements th\u00e9rapeutiques En tant qu&#8217;athl\u00e8te et surfeur, j&#8217;ai subi de nombreux types de blessures. Dans certains cas, j&#8217;ai b\u00e9n\u00e9fici\u00e9 de l&#8217;aide d&#8217;un kin\u00e9sith\u00e9rapeute. Depuis, je m&#8217;int\u00e9resse \u00e0 un sous-domaine de la kin\u00e9sith\u00e9rapie appel\u00e9 th\u00e9rapie manuelle. Ces derni\u00e8res ann\u00e9es, j&#8217;ai suivi une formation et travaill\u00e9 dans le domaine de la th\u00e9rapie manuelle en Europe. Je &hellip; <a href=\"https:\/\/www.costaricasurfandsup.com\/sitio\/fr\/traitements-therapeutiques\/\" class=\"more-link\">Continue reading <span class=\"screen-reader-text\">Traitements th\u00e9rapeutiques<\/span> <span class=\"meta-nav\">&rarr;<\/span><\/a><\/p>\n","protected":false},"author":1,"featured_media":0,"parent":0,"menu_order":0,"comment_status":"closed","ping_status":"closed","template":"","meta":{"footnotes":""},"class_list":["post-2205","page","type-page","status-publish","hentry"],"yoast_head":"<!-- This site is optimized with the Yoast SEO plugin v25.3.1 - https:\/\/yoast.com\/wordpress\/plugins\/seo\/ -->\n<title>Traitements th\u00e9rapeutiques<\/title>\n<meta name=\"description\" content=\"Si vous avez besoin d&#039;une kin\u00e9sith\u00e9rapie manuelle dans la r\u00e9gion de Cobano, Santa Teresa, Mal Pais ou Montezuma, je suis la meilleure option pour les traitements th\u00e9rapeutiques.\" \/>\n<meta name=\"robots\" content=\"index, follow, max-snippet:-1, max-image-preview:large, max-video-preview:-1\" \/>\n<link rel=\"canonical\" href=\"https:\/\/www.costaricasurfandsup.com\/sitio\/fr\/traitements-therapeutiques\/\" \/>\n<script type=\"application\/ld+json\" class=\"yoast-schema-graph\">{\"@context\":\"https:\/\/schema.org\",\"@graph\":[{\"@type\":\"WebPage\",\"@id\":\"https:\/\/www.costaricasurfandsup.com\/sitio\/fr\/traitements-therapeutiques\/\",\"url\":\"https:\/\/www.costaricasurfandsup.com\/sitio\/fr\/traitements-therapeutiques\/\",\"name\":\"Traitements th\u00e9rapeutiques\",\"isPartOf\":{\"@id\":\"https:\/\/www.costaricasurfandsup.com\/sitio\/#website\"},\"primaryImageOfPage\":{\"@id\":\"https:\/\/www.costaricasurfandsup.com\/sitio\/fr\/traitements-therapeutiques\/#primaryimage\"},\"image\":{\"@id\":\"https:\/\/www.costaricasurfandsup.com\/sitio\/fr\/traitements-therapeutiques\/#primaryimage\"},\"thumbnailUrl\":\"https:\/\/www.costaricasurfandsup.com\/sitio\/wp-content\/uploads\/2026\/01\/therapeutic-bed-outdoors-1.webp\",\"datePublished\":\"2025-12-30T02:59:16+00:00\",\"dateModified\":\"2026-01-28T18:58:40+00:00\",\"description\":\"Si vous avez besoin d'une kin\u00e9sith\u00e9rapie manuelle dans la r\u00e9gion de Cobano, Santa Teresa, Mal Pais ou Montezuma, je suis la meilleure option pour les traitements th\u00e9rapeutiques.\",\"breadcrumb\":{\"@id\":\"https:\/\/www.costaricasurfandsup.com\/sitio\/fr\/traitements-therapeutiques\/#breadcrumb\"},\"inLanguage\":\"en-US\",\"potentialAction\":[{\"@type\":\"ReadAction\",\"target\":[\"https:\/\/www.costaricasurfandsup.com\/sitio\/fr\/traitements-therapeutiques\/\"]}]},{\"@type\":\"ImageObject\",\"inLanguage\":\"en-US\",\"@id\":\"https:\/\/www.costaricasurfandsup.com\/sitio\/fr\/traitements-therapeutiques\/#primaryimage\",\"url\":\"https:\/\/www.costaricasurfandsup.com\/sitio\/wp-content\/uploads\/2026\/01\/therapeutic-bed-outdoors-1.webp\",\"contentUrl\":\"https:\/\/www.costaricasurfandsup.com\/sitio\/wp-content\/uploads\/2026\/01\/therapeutic-bed-outdoors-1.webp\",\"width\":1100,\"height\":590},{\"@type\":\"BreadcrumbList\",\"@id\":\"https:\/\/www.costaricasurfandsup.com\/sitio\/fr\/traitements-therapeutiques\/#breadcrumb\",\"itemListElement\":[{\"@type\":\"ListItem\",\"position\":1,\"name\":\"Home\",\"item\":\"https:\/\/www.costaricasurfandsup.com\/sitio\/en\/surf-lessons\/\"},{\"@type\":\"ListItem\",\"position\":2,\"name\":\"Traitements th\u00e9rapeutiques\"}]},{\"@type\":\"WebSite\",\"@id\":\"https:\/\/www.costaricasurfandsup.com\/sitio\/#website\",\"url\":\"https:\/\/www.costaricasurfandsup.com\/sitio\/\",\"name\":\"Costa Rica Surf and Up\",\"description\":\"Surf and Sup in Santa Teresa in Costa Rica\",\"potentialAction\":[{\"@type\":\"SearchAction\",\"target\":{\"@type\":\"EntryPoint\",\"urlTemplate\":\"https:\/\/www.costaricasurfandsup.com\/sitio\/?s={search_term_string}\"},\"query-input\":{\"@type\":\"PropertyValueSpecification\",\"valueRequired\":true,\"valueName\":\"search_term_string\"}}],\"inLanguage\":\"en-US\"}]}<\/script>\n<!-- \/ Yoast SEO plugin. -->","yoast_head_json":{"title":"Traitements th\u00e9rapeutiques","description":"Si vous avez besoin d'une kin\u00e9sith\u00e9rapie manuelle dans la r\u00e9gion de Cobano, Santa Teresa, Mal Pais ou Montezuma, je suis la meilleure option pour les traitements th\u00e9rapeutiques.","robots":{"index":"index","follow":"follow","max-snippet":"max-snippet:-1","max-image-preview":"max-image-preview:large","max-video-preview":"max-video-preview:-1"},"canonical":"https:\/\/www.costaricasurfandsup.com\/sitio\/fr\/traitements-therapeutiques\/","schema":{"@context":"https:\/\/schema.org","@graph":[{"@type":"WebPage","@id":"https:\/\/www.costaricasurfandsup.com\/sitio\/fr\/traitements-therapeutiques\/","url":"https:\/\/www.costaricasurfandsup.com\/sitio\/fr\/traitements-therapeutiques\/","name":"Traitements th\u00e9rapeutiques","isPartOf":{"@id":"https:\/\/www.costaricasurfandsup.com\/sitio\/#website"},"primaryImageOfPage":{"@id":"https:\/\/www.costaricasurfandsup.com\/sitio\/fr\/traitements-therapeutiques\/#primaryimage"},"image":{"@id":"https:\/\/www.costaricasurfandsup.com\/sitio\/fr\/traitements-therapeutiques\/#primaryimage"},"thumbnailUrl":"https:\/\/www.costaricasurfandsup.com\/sitio\/wp-content\/uploads\/2026\/01\/therapeutic-bed-outdoors-1.webp","datePublished":"2025-12-30T02:59:16+00:00","dateModified":"2026-01-28T18:58:40+00:00","description":"Si vous avez besoin d'une kin\u00e9sith\u00e9rapie manuelle dans la r\u00e9gion de Cobano, Santa Teresa, Mal Pais ou Montezuma, je suis la meilleure option pour les traitements th\u00e9rapeutiques.","breadcrumb":{"@id":"https:\/\/www.costaricasurfandsup.com\/sitio\/fr\/traitements-therapeutiques\/#breadcrumb"},"inLanguage":"en-US","potentialAction":[{"@type":"ReadAction","target":["https:\/\/www.costaricasurfandsup.com\/sitio\/fr\/traitements-therapeutiques\/"]}]},{"@type":"ImageObject","inLanguage":"en-US","@id":"https:\/\/www.costaricasurfandsup.com\/sitio\/fr\/traitements-therapeutiques\/#primaryimage","url":"https:\/\/www.costaricasurfandsup.com\/sitio\/wp-content\/uploads\/2026\/01\/therapeutic-bed-outdoors-1.webp","contentUrl":"https:\/\/www.costaricasurfandsup.com\/sitio\/wp-content\/uploads\/2026\/01\/therapeutic-bed-outdoors-1.webp","width":1100,"height":590},{"@type":"BreadcrumbList","@id":"https:\/\/www.costaricasurfandsup.com\/sitio\/fr\/traitements-therapeutiques\/#breadcrumb","itemListElement":[{"@type":"ListItem","position":1,"name":"Home","item":"https:\/\/www.costaricasurfandsup.com\/sitio\/en\/surf-lessons\/"},{"@type":"ListItem","position":2,"name":"Traitements th\u00e9rapeutiques"}]},{"@type":"WebSite","@id":"https:\/\/www.costaricasurfandsup.com\/sitio\/#website","url":"https:\/\/www.costaricasurfandsup.com\/sitio\/","name":"Costa Rica Surf and Up","description":"Surf and Sup in Santa Teresa in Costa Rica","potentialAction":[{"@type":"SearchAction","target":{"@type":"EntryPoint","urlTemplate":"https:\/\/www.costaricasurfandsup.com\/sitio\/?s={search_term_string}"},"query-input":{"@type":"PropertyValueSpecification","valueRequired":true,"valueName":"search_term_string"}}],"inLanguage":"en-US"}]}},"_links":{"self":[{"href":"https:\/\/www.costaricasurfandsup.com\/sitio\/wp-json\/wp\/v2\/pages\/2205"}],"collection":[{"href":"https:\/\/www.costaricasurfandsup.com\/sitio\/wp-json\/wp\/v2\/pages"}],"about":[{"href":"https:\/\/www.costaricasurfandsup.com\/sitio\/wp-json\/wp\/v2\/types\/page"}],"author":[{"embeddable":true,"href":"https:\/\/www.costaricasurfandsup.com\/sitio\/wp-json\/wp\/v2\/users\/1"}],"replies":[{"embeddable":true,"href":"https:\/\/www.costaricasurfandsup.com\/sitio\/wp-json\/wp\/v2\/comments?post=2205"}],"version-history":[{"count":7,"href":"https:\/\/www.costaricasurfandsup.com\/sitio\/wp-json\/wp\/v2\/pages\/2205\/revisions"}],"predecessor-version":[{"id":2255,"href":"https:\/\/www.costaricasurfandsup.com\/sitio\/wp-json\/wp\/v2\/pages\/2205\/revisions\/2255"}],"wp:attachment":[{"href":"https:\/\/www.costaricasurfandsup.com\/sitio\/wp-json\/wp\/v2\/media?parent=2205"}],"curies":[{"name":"wp","href":"https:\/\/api.w.org\/{rel}","templated":true}]}}