{"id":2201,"date":"2025-12-29T22:45:44","date_gmt":"2025-12-29T22:45:44","guid":{"rendered":"https:\/\/www.costaricasurfandsup.com\/sitio\/?page_id=2201"},"modified":"2026-01-28T18:49:27","modified_gmt":"2026-01-28T18:49:27","slug":"tratamientos-terapeuticos","status":"publish","type":"page","link":"https:\/\/www.costaricasurfandsup.com\/sitio\/es\/tratamientos-terapeuticos\/","title":{"rendered":"Tratamientos Terapeuticos"},"content":{"rendered":"<p>&nbsp;<\/p>\n<div class=\"paquetes\">\n<h1 style=\"text-align: center; font-family: fonty3; color: #f6bc61;\">Tratamientos terapeuticos<\/h1>\n<p class=\"too much text\">Como deportista y surfista he sufrido muchos tipos de lesiones. Para algunos de esos casos recib\u00ed asistencia de un fisioterapeuta. Desde entonces tuve un inter\u00e9s en una subrama de la fisioterapia, la terapia manual.<br \/>\nEn los \u00faltimos a\u00f1os he venido form\u00e1ndome y tambi\u00e9n trabajando en terapia manual en Europa. Ahora deseo tambi\u00e9n ofrecer estos servicios en Costa Rica.<br \/>\nPara una cita o consulta, llamame al <a href=\"tel:+50684340444\" id=\"phone\">+506 84340444<\/a> o enviame un mensaje a <a href=\"https:\/\/wa.me\/50684340444?text=Hi,%20I%20need%20Therapeutic%20Treatment%20\" rel=\"noopener\" target=\"_blank\">WhatsApp<\/a>.\n<\/p>\n<p><img loading=\"lazy\" decoding=\"async\" src=\"https:\/\/www.costaricasurfandsup.com\/sitio\/wp-content\/uploads\/2026\/01\/therapeutic-bed-outdoors.webp\" alt=\"mesa para tratamientos terapeuticos\" width=\"1100\" height=\"590\" class=\"aligncenter size-full wp-image-2212\" srcset=\"https:\/\/www.costaricasurfandsup.com\/sitio\/wp-content\/uploads\/2026\/01\/therapeutic-bed-outdoors.webp 1100w, https:\/\/www.costaricasurfandsup.com\/sitio\/wp-content\/uploads\/2026\/01\/therapeutic-bed-outdoors-300x161.webp 300w, https:\/\/www.costaricasurfandsup.com\/sitio\/wp-content\/uploads\/2026\/01\/therapeutic-bed-outdoors-1024x549.webp 1024w, https:\/\/www.costaricasurfandsup.com\/sitio\/wp-content\/uploads\/2026\/01\/therapeutic-bed-outdoors-768x412.webp 768w\" sizes=\"(max-width: 1100px) 100vw, 1100px\" \/><\/p>\n<p>&nbsp;<\/p>\n<div id=\"boards\" class=\"audrey\">\n<p>&nbsp;<\/p>\n<h2 style=\"color: #f6bc61;\">Que t\u00e9cnicas de la terapia manual ofrezco?<\/h2>\n<p><a href=\"#joint\">Ajustes Articulares<\/a><br \/>\nT\u00e9cnicas de Fisioterapia<br \/>\n<a href=\"#acupressure\">Acupresi\u00f3n &#8211; Digitopuntura<\/a><br \/>\nTerapia manual<br \/>\n<a href=\"#tissue\">Masaje de Tejido profundo<\/a><br \/>\n<a href=\"#magnetic\">T\u00e9cnicas de sobadora con magnetismo<\/a><\/p>\n<p>&nbsp;<\/p>\n<p>&nbsp;<\/p>\n<p><!--- div ---><\/div>\n<div class=\"socios\">\n<div class=\"audrey\">\n<p id=\"partners\">&nbsp;<\/p>\n<h2 style=\"text-align: center; font-family: fonty3; color: #f6bc61;\">Rese\u00f1as<\/h2>\n<ul>\n<li>\n<p>Una combinaci\u00f3n inmejorable para las vacaciones: surf y masajes. Adem\u00e1s de ser instructora de surf, Audrey es una masajista excepcionalmente h\u00e1bil. La recomiendo encarecidamente.<\/p>\n<p><a href=\"https:\/\/maps.app.goo.gl\/cDKPqwNG2NxHgL4HA\" target=\"_blank\" rel=\"noopener\">Leer Rese\u00f1a en Google Maps<\/a><\/p>\n<\/li>\n<li>\n<p>Tuve problemas en la zona lumbar durante aproximadamente una semana y fui a probar la terapia de masajes de Audrey. Empez\u00f3 por buscar tensiones en mi cuerpo y masaje\u00f3 los puntos que me dol\u00edan. \u00a1Tambi\u00e9n utiliz\u00f3 piedras calientes y movimientos quiropr\u00e1cticos para liberar mi tensi\u00f3n! Al d\u00eda siguiente ya no sent\u00eda dolor. Recomiendo encarecidamente a Audrey y me encant\u00f3 su espacio y el ambiente: \u00a1relajaci\u00f3n total!<\/p>\n<p><a href=\"https:\/\/maps.app.goo.gl\/icWaJjJQC6GCBbUs6\/\" target=\"_blank\" rel=\"noopener\">Leer Rese\u00f1a en Google Maps<\/a><\/p>\n<\/li>\n<\/ul>\n<p>&nbsp;<\/p>\n<\/div>\n<\/div>\n<p><!--- div ---><\/p>\n<div id=\"house\" class=\"audrey\">\n<p>&nbsp;<\/p>\n<h2 style=\"color: #f6bc61;\">En que tipo de dolencias me especializo como terapista manual?<\/h2>\n<p>Lesiones<br \/>\nEsguinces<br \/>\nContracturas<br \/>\nProblemas del hombro, codo, mu\u00f1eca, tobillo, dolor cervical.<br \/>\ntort\u00edcolis, lumbago, dolor lumbar, ciatica, <a href=\"#cruralgia\">cruralgia<\/a>, y mas.<\/p>\n<p>&nbsp;<\/p>\n<h2 style=\"color: #f6bc61;\">De donde son mis certificados y experiencia en terapia manual?<\/h2>\n<p>Formaci\u00f3n, certificaciones y experiencia en B\u00e9lgica, Suiza y Francia.<\/p>\n<p>&nbsp;<\/p>\n<h2 style=\"color: #f6bc61;\">Donde atiendes?<\/h2>\n<p>Atiendo en mi consulta privada o a domicilio. La visita a domicilio tiene un costo extra.<\/p>\n<p id=\"joint\">&nbsp;<\/p>\n<h2 style=\"color: #f6bc61;\" >Que es el Ajuste Articular?<\/h2>\n<p>Ya sea por la edad o por alguna lesi\u00f3n, nuestros codos, rodillas, tobillos y mu\u00f1ecas pueden ir perdiendo elasticidad y sentirse r\u00edgidas. El ajuste articular es una t\u00e9cnica que te permitir\u00e1 recuperar, en parte o en su totalidad, la elasticidad de tus articulaciones.<\/p>\n<p id=\"tissue\">&nbsp;<\/p>\n<h2 style=\"color: #f6bc61;\">Que es el masaje de tejido profundo?<\/h2>\n<p>Es un tipo de masaje orientado a llegar a las capas profundas de los m\u00fasculos. Consiste en presiones sostenidas sobre ciertas \u00e1reas, incluyendo la cara,  que buscan restablecer el funcionamiento normal de los m\u00fasculos y los tendones.<br \/>\nEsta t\u00e9cnica ha demostrado tener mucha eficacia para tratar contracturas, dolor miofascial o postural y lesiones deportivas.<\/p>\n<p id=\"acupressure\">&nbsp;<\/p>\n<h2 style=\"color: #f6bc61;\">Que es la Acupresi\u00f3n o digitopuntura?<\/h2>\n<p>Imaginen la acupuntura pero sin las agujas. Esta t\u00e9cnica usa los mismo puntos que la acupuntura para aliviar muchas dolencias entre ellos el dolor de cabeza, dolor muscular, dolor de espalda y hasta la fatiga o lasa nauseas.<\/p>\n<p id=\"magnetic\">&nbsp;<\/p>\n<h2 style=\"color: #f6bc61;\">Que es la t\u00e9cnica sobadora con magnetismo?<\/h2>\n<p>El sobo es una t\u00e9cnica de masaje que se caracteriza por aportar mayor presi\u00f3n de las manos a las \u00e1reas masajeadas. En este caso el masaje se acompa\u00f1a de imanes que ayudan a mejorar la circulaci\u00f3n de la sangre. Una mejor circulaci\u00f3n en el cuerpo es primordial para la desinflamaci\u00f3n de las lesiones presentes en el cuerpo, producto de la actividad f\u00edsica.<\/p>\n<p id=\"cruralgia\">&nbsp;<\/p>\n<h2 style=\"color: #f6bc61;\">Que es la cruralgia?<\/h2>\n<p>Se conoce tambi\u00e9n como la neuralgia crural, por que es una afectaci\u00f3n el nervio crural. Este nervio se localiza en el muslo. Cualquier dolor causado por cualquier problema en este nervio puede reducir mucho la movilidad, ya que al caminar sientes como una sensaci\u00f3n de quemaz\u00f3n o ardor.<\/p>\n<p>&nbsp;<\/p>\n<p><img loading=\"lazy\" decoding=\"async\" src=\"https:\/\/www.costaricasurfandsup.com\/sitio\/wp-content\/uploads\/2026\/01\/audrey-mayoud-manual-therapist.webp\" alt=\"mujer terapista\" width=\"675\" height=\"900\" class=\"aligncenter size-full wp-image-2214\" srcset=\"https:\/\/www.costaricasurfandsup.com\/sitio\/wp-content\/uploads\/2026\/01\/audrey-mayoud-manual-therapist.webp 675w, https:\/\/www.costaricasurfandsup.com\/sitio\/wp-content\/uploads\/2026\/01\/audrey-mayoud-manual-therapist-225x300.webp 225w\" sizes=\"(max-width: 675px) 100vw, 675px\" \/>\n<\/div>\n<p><!--- div ---><\/p>\n<p>&nbsp;<\/p>\n","protected":false},"excerpt":{"rendered":"<p>&nbsp; Tratamientos terapeuticos Como deportista y surfista he sufrido muchos tipos de lesiones. Para algunos de esos casos recib\u00ed asistencia de un fisioterapeuta. Desde entonces tuve un inter\u00e9s en una subrama de la fisioterapia, la terapia manual. En los \u00faltimos a\u00f1os he venido form\u00e1ndome y tambi\u00e9n trabajando en terapia manual en Europa. Ahora deseo tambi\u00e9n &hellip; <a href=\"https:\/\/www.costaricasurfandsup.com\/sitio\/es\/tratamientos-terapeuticos\/\" class=\"more-link\">Continue reading <span class=\"screen-reader-text\">Tratamientos Terapeuticos<\/span> <span class=\"meta-nav\">&rarr;<\/span><\/a><\/p>\n","protected":false},"author":1,"featured_media":0,"parent":0,"menu_order":0,"comment_status":"closed","ping_status":"closed","template":"","meta":{"footnotes":""},"class_list":["post-2201","page","type-page","status-publish","hentry"],"yoast_head":"<!-- This site is optimized with the Yoast SEO plugin v25.3.1 - https:\/\/yoast.com\/wordpress\/plugins\/seo\/ -->\n<title>Tratamientos Terapeuticos<\/title>\n<meta name=\"description\" content=\"Si ocupas terapia manual f\u00edsica en el \u00e1rea de Cobano, Santa Teresa, Mal Pais, o Montezuma, soy la mejor opci\u00f3n en tratamientos terapeuticos.\" \/>\n<meta name=\"robots\" content=\"index, follow, max-snippet:-1, max-image-preview:large, max-video-preview:-1\" \/>\n<link rel=\"canonical\" href=\"https:\/\/www.costaricasurfandsup.com\/sitio\/es\/tratamientos-terapeuticos\/\" \/>\n<script type=\"application\/ld+json\" class=\"yoast-schema-graph\">{\"@context\":\"https:\/\/schema.org\",\"@graph\":[{\"@type\":\"WebPage\",\"@id\":\"https:\/\/www.costaricasurfandsup.com\/sitio\/es\/tratamientos-terapeuticos\/\",\"url\":\"https:\/\/www.costaricasurfandsup.com\/sitio\/es\/tratamientos-terapeuticos\/\",\"name\":\"Tratamientos Terapeuticos\",\"isPartOf\":{\"@id\":\"https:\/\/www.costaricasurfandsup.com\/sitio\/#website\"},\"primaryImageOfPage\":{\"@id\":\"https:\/\/www.costaricasurfandsup.com\/sitio\/es\/tratamientos-terapeuticos\/#primaryimage\"},\"image\":{\"@id\":\"https:\/\/www.costaricasurfandsup.com\/sitio\/es\/tratamientos-terapeuticos\/#primaryimage\"},\"thumbnailUrl\":\"https:\/\/www.costaricasurfandsup.com\/sitio\/wp-content\/uploads\/2026\/01\/therapeutic-bed-outdoors.webp\",\"datePublished\":\"2025-12-29T22:45:44+00:00\",\"dateModified\":\"2026-01-28T18:49:27+00:00\",\"description\":\"Si ocupas terapia manual f\u00edsica en el \u00e1rea de Cobano, Santa Teresa, Mal Pais, o Montezuma, soy la mejor opci\u00f3n en tratamientos terapeuticos.\",\"breadcrumb\":{\"@id\":\"https:\/\/www.costaricasurfandsup.com\/sitio\/es\/tratamientos-terapeuticos\/#breadcrumb\"},\"inLanguage\":\"en-US\",\"potentialAction\":[{\"@type\":\"ReadAction\",\"target\":[\"https:\/\/www.costaricasurfandsup.com\/sitio\/es\/tratamientos-terapeuticos\/\"]}]},{\"@type\":\"ImageObject\",\"inLanguage\":\"en-US\",\"@id\":\"https:\/\/www.costaricasurfandsup.com\/sitio\/es\/tratamientos-terapeuticos\/#primaryimage\",\"url\":\"https:\/\/www.costaricasurfandsup.com\/sitio\/wp-content\/uploads\/2026\/01\/therapeutic-bed-outdoors.webp\",\"contentUrl\":\"https:\/\/www.costaricasurfandsup.com\/sitio\/wp-content\/uploads\/2026\/01\/therapeutic-bed-outdoors.webp\",\"width\":1100,\"height\":590},{\"@type\":\"BreadcrumbList\",\"@id\":\"https:\/\/www.costaricasurfandsup.com\/sitio\/es\/tratamientos-terapeuticos\/#breadcrumb\",\"itemListElement\":[{\"@type\":\"ListItem\",\"position\":1,\"name\":\"Home\",\"item\":\"https:\/\/www.costaricasurfandsup.com\/sitio\/en\/surf-lessons\/\"},{\"@type\":\"ListItem\",\"position\":2,\"name\":\"Tratamientos Terapeuticos\"}]},{\"@type\":\"WebSite\",\"@id\":\"https:\/\/www.costaricasurfandsup.com\/sitio\/#website\",\"url\":\"https:\/\/www.costaricasurfandsup.com\/sitio\/\",\"name\":\"Costa Rica Surf and Up\",\"description\":\"Surf and Sup in Santa Teresa in Costa Rica\",\"potentialAction\":[{\"@type\":\"SearchAction\",\"target\":{\"@type\":\"EntryPoint\",\"urlTemplate\":\"https:\/\/www.costaricasurfandsup.com\/sitio\/?s={search_term_string}\"},\"query-input\":{\"@type\":\"PropertyValueSpecification\",\"valueRequired\":true,\"valueName\":\"search_term_string\"}}],\"inLanguage\":\"en-US\"}]}<\/script>\n<!-- \/ Yoast SEO plugin. -->","yoast_head_json":{"title":"Tratamientos Terapeuticos","description":"Si ocupas terapia manual f\u00edsica en el \u00e1rea de Cobano, Santa Teresa, Mal Pais, o Montezuma, soy la mejor opci\u00f3n en tratamientos terapeuticos.","robots":{"index":"index","follow":"follow","max-snippet":"max-snippet:-1","max-image-preview":"max-image-preview:large","max-video-preview":"max-video-preview:-1"},"canonical":"https:\/\/www.costaricasurfandsup.com\/sitio\/es\/tratamientos-terapeuticos\/","schema":{"@context":"https:\/\/schema.org","@graph":[{"@type":"WebPage","@id":"https:\/\/www.costaricasurfandsup.com\/sitio\/es\/tratamientos-terapeuticos\/","url":"https:\/\/www.costaricasurfandsup.com\/sitio\/es\/tratamientos-terapeuticos\/","name":"Tratamientos Terapeuticos","isPartOf":{"@id":"https:\/\/www.costaricasurfandsup.com\/sitio\/#website"},"primaryImageOfPage":{"@id":"https:\/\/www.costaricasurfandsup.com\/sitio\/es\/tratamientos-terapeuticos\/#primaryimage"},"image":{"@id":"https:\/\/www.costaricasurfandsup.com\/sitio\/es\/tratamientos-terapeuticos\/#primaryimage"},"thumbnailUrl":"https:\/\/www.costaricasurfandsup.com\/sitio\/wp-content\/uploads\/2026\/01\/therapeutic-bed-outdoors.webp","datePublished":"2025-12-29T22:45:44+00:00","dateModified":"2026-01-28T18:49:27+00:00","description":"Si ocupas terapia manual f\u00edsica en el \u00e1rea de Cobano, Santa Teresa, Mal Pais, o Montezuma, soy la mejor opci\u00f3n en tratamientos terapeuticos.","breadcrumb":{"@id":"https:\/\/www.costaricasurfandsup.com\/sitio\/es\/tratamientos-terapeuticos\/#breadcrumb"},"inLanguage":"en-US","potentialAction":[{"@type":"ReadAction","target":["https:\/\/www.costaricasurfandsup.com\/sitio\/es\/tratamientos-terapeuticos\/"]}]},{"@type":"ImageObject","inLanguage":"en-US","@id":"https:\/\/www.costaricasurfandsup.com\/sitio\/es\/tratamientos-terapeuticos\/#primaryimage","url":"https:\/\/www.costaricasurfandsup.com\/sitio\/wp-content\/uploads\/2026\/01\/therapeutic-bed-outdoors.webp","contentUrl":"https:\/\/www.costaricasurfandsup.com\/sitio\/wp-content\/uploads\/2026\/01\/therapeutic-bed-outdoors.webp","width":1100,"height":590},{"@type":"BreadcrumbList","@id":"https:\/\/www.costaricasurfandsup.com\/sitio\/es\/tratamientos-terapeuticos\/#breadcrumb","itemListElement":[{"@type":"ListItem","position":1,"name":"Home","item":"https:\/\/www.costaricasurfandsup.com\/sitio\/en\/surf-lessons\/"},{"@type":"ListItem","position":2,"name":"Tratamientos Terapeuticos"}]},{"@type":"WebSite","@id":"https:\/\/www.costaricasurfandsup.com\/sitio\/#website","url":"https:\/\/www.costaricasurfandsup.com\/sitio\/","name":"Costa Rica Surf and Up","description":"Surf and Sup in Santa Teresa in Costa Rica","potentialAction":[{"@type":"SearchAction","target":{"@type":"EntryPoint","urlTemplate":"https:\/\/www.costaricasurfandsup.com\/sitio\/?s={search_term_string}"},"query-input":{"@type":"PropertyValueSpecification","valueRequired":true,"valueName":"search_term_string"}}],"inLanguage":"en-US"}]}},"_links":{"self":[{"href":"https:\/\/www.costaricasurfandsup.com\/sitio\/wp-json\/wp\/v2\/pages\/2201"}],"collection":[{"href":"https:\/\/www.costaricasurfandsup.com\/sitio\/wp-json\/wp\/v2\/pages"}],"about":[{"href":"https:\/\/www.costaricasurfandsup.com\/sitio\/wp-json\/wp\/v2\/types\/page"}],"author":[{"embeddable":true,"href":"https:\/\/www.costaricasurfandsup.com\/sitio\/wp-json\/wp\/v2\/users\/1"}],"replies":[{"embeddable":true,"href":"https:\/\/www.costaricasurfandsup.com\/sitio\/wp-json\/wp\/v2\/comments?post=2201"}],"version-history":[{"count":8,"href":"https:\/\/www.costaricasurfandsup.com\/sitio\/wp-json\/wp\/v2\/pages\/2201\/revisions"}],"predecessor-version":[{"id":2254,"href":"https:\/\/www.costaricasurfandsup.com\/sitio\/wp-json\/wp\/v2\/pages\/2201\/revisions\/2254"}],"wp:attachment":[{"href":"https:\/\/www.costaricasurfandsup.com\/sitio\/wp-json\/wp\/v2\/media?parent=2201"}],"curies":[{"name":"wp","href":"https:\/\/api.w.org\/{rel}","templated":true}]}}