{"id":1578,"date":"2023-04-25T14:42:37","date_gmt":"2023-04-25T14:42:37","guid":{"rendered":"https:\/\/www.costaricasurfandsup.com\/sitio\/?page_id=1578"},"modified":"2023-04-25T14:45:25","modified_gmt":"2023-04-25T14:45:25","slug":"tour-du-monde-de-surf","status":"publish","type":"page","link":"https:\/\/www.costaricasurfandsup.com\/sitio\/fr\/tour-du-monde-de-surf\/","title":{"rendered":"Tour du monde de surf"},"content":{"rendered":"<div class=\"paquetes\">\n<h1 style=\"text-align: center; font-family: fonty3; color: #f6bc61;\">Tour du monde de surf<\/h1>\n<p><img loading=\"lazy\" decoding=\"async\" src=\"https:\/\/www.costaricasurfandsup.com\/sitio\/wp-content\/uploads\/2023\/04\/surfing-tour-people.webp\" alt=\"personnes posant pour une photo dans un bateau de luxe lors du Tour du monde de surf\" width=\"1000\" height=\"420\" class=\"alignnone size-full wp-image-1544\" srcset=\"https:\/\/www.costaricasurfandsup.com\/sitio\/wp-content\/uploads\/2023\/04\/surfing-tour-people.webp 1000w, https:\/\/www.costaricasurfandsup.com\/sitio\/wp-content\/uploads\/2023\/04\/surfing-tour-people-300x126.webp 300w, https:\/\/www.costaricasurfandsup.com\/sitio\/wp-content\/uploads\/2023\/04\/surfing-tour-people-768x323.webp 768w\" sizes=\"(max-width: 1000px) 100vw, 1000px\" \/><\/p>\n<p class=\"toomuchtext\">&nbsp;<br \/>\nLe Surf World Tour, c&#8217;est vous et moi qui nous rendons sur les meilleurs spots pour am\u00e9liorer vos comp\u00e9tences en surf gr\u00e2ce \u00e0 l&#8217;analyse vid\u00e9o.<br \/>\nAllez-y \u00e0 votre rythme. Am\u00e9liorez, apprenez et partagez vos connaissances avec les autres. Nous<br \/>\nCon\u00e7u pour les surfeurs interm\u00e9diaires, tout le monde est le bienvenu.<br \/>\n&nbsp;<br \/>\nNe vous pr\u00e9occupez pas de la logistique, c&#8217;est mon travail. Je m&#8217;occupe de tout et je vous attends au point de rencontre. J&#8217;ai pr\u00e9par\u00e9 des Surf Tours pour vous.<br \/>\nVous pouvez vous joindre \u00e0 moi sur ces voyages planifi\u00e9s ou si vous voulez que j&#8217;aille n&#8217;importe o\u00f9 ailleurs avec vous, avec ou sans vos gens, je suis pr\u00eat \u00e0 faire partie de votre voyage en tant que coach.<br \/>\nVisitez mon <a href=\"https:\/\/www.instagram.com\/costaricasurfandsup\/\" rel=\"noopener\" target=\"_blank\">Instagram<\/a> pour vous tenir au courant des derniers voyages planifi\u00e9s.<br \/>\nJ&#8217;ai de l&#8217;exp\u00e9rience en surf au Mexique, aux Philippines, en Indon\u00e9sie, au Maroc, au Br\u00e9sil, en France, au Nicaragua, aux \u00eeles Canaries, et bien d&#8217;autres.<br \/>\n&nbsp;<br \/>\nNous pouvons commencer \u00e0 discuter d\u00e8s maintenant et coordonner notre prochain voyage. Il suffit d&#8217;\u00e9crire en utilisant les boutons sur le c\u00f4t\u00e9 pour me contacter sur Whatsapp, Signal ou Telegram.<br \/>\nLes vagues nous attendent avec impatience.<\/p>\n<p>&nbsp;<\/p>\n<h2 style=\"text-align: center; font-family: fonty3; color: #f6bc61;\">Mon dernier voyage ! Maldives!<\/h1>\n<style type=\"text\/css\">\n#foogallery-gallery-1548 .fg-image { width: 250px; }\n#foogallery-gallery-1548 { --fg-gutter: 10px; }<\/style>\n\t\t\t<div class=\"foogallery foogallery-container foogallery-default foogallery-lightbox-foobox fg-center fg-default fg-ready fg-light fg-border-thin fg-shadow-outline fg-loading-default fg-loaded-fade-in fg-caption-hover fg-hover-fade fg-hover-zoom\" id=\"foogallery-gallery-1548\" data-foogallery=\"{&quot;item&quot;:{&quot;showCaptionTitle&quot;:false,&quot;showCaptionDescription&quot;:false},&quot;lazy&quot;:true}\" style=\"--fg-title-line-clamp: 0; --fg-description-line-clamp: 0;\" >\n\t<div class=\"fg-item fg-type-image fg-idle\"><figure class=\"fg-item-inner\"><a href=\"https:\/\/www.costaricasurfandsup.com\/sitio\/wp-content\/uploads\/2023\/04\/surfer-girls-posing-galeria-1.webp\" data-attachment-id=\"1549\" data-type=\"image\" class=\"fg-thumb\"><span class=\"fg-image-wrap\"><img fetchpriority=\"high\" decoding=\"async\" alt=\"surfing girls posing for a photo in a bota\" width=\"250\" height=\"250\" class=\"skip-lazy fg-image\" data-src-fg=\"https:\/\/www.costaricasurfandsup.com\/sitio\/wp-content\/uploads\/cache\/2023\/04\/surfer-girls-posing-galeria-1\/700928691.webp\" src=\"data:image\/svg+xml,%3Csvg%20xmlns%3D%22http%3A%2F%2Fwww.w3.org%2F2000%2Fsvg%22%20width%3D%22250%22%20height%3D%22250%22%20viewBox%3D%220%200%20250%20250%22%3E%3C%2Fsvg%3E\" loading=\"eager\"><\/span><span class=\"fg-image-overlay\"><\/span><\/a><\/figure><div class=\"fg-loader\"><\/div><\/div><div class=\"fg-item fg-type-image fg-idle\"><figure class=\"fg-item-inner\"><a href=\"https:\/\/www.costaricasurfandsup.com\/sitio\/wp-content\/uploads\/2023\/04\/guy-on-boat-with-surfboard-galeria-2-scaled.webp\" data-attachment-id=\"1550\" data-type=\"image\" class=\"fg-thumb\"><span class=\"fg-image-wrap\"><img decoding=\"async\" alt=\"Guy with a surfboard on a boat\" width=\"250\" height=\"250\" class=\"skip-lazy fg-image\" data-src-fg=\"https:\/\/www.costaricasurfandsup.com\/sitio\/wp-content\/uploads\/cache\/2023\/04\/guy-on-boat-with-surfboard-galeria-2-scaled\/2210697977.webp\" src=\"data:image\/svg+xml,%3Csvg%20xmlns%3D%22http%3A%2F%2Fwww.w3.org%2F2000%2Fsvg%22%20width%3D%22250%22%20height%3D%22250%22%20viewBox%3D%220%200%20250%20250%22%3E%3C%2Fsvg%3E\" loading=\"eager\"><\/span><span class=\"fg-image-overlay\"><\/span><\/a><\/figure><div class=\"fg-loader\"><\/div><\/div><div class=\"fg-item fg-type-image fg-idle\"><figure class=\"fg-item-inner\"><a href=\"https:\/\/www.costaricasurfandsup.com\/sitio\/wp-content\/uploads\/2023\/06\/the-yacht.webp\" data-attachment-id=\"1632\" data-type=\"image\" class=\"fg-thumb\"><span class=\"fg-image-wrap\"><img decoding=\"async\" alt=\"a yacht navigating in the ocean\" width=\"250\" height=\"250\" class=\"skip-lazy fg-image\" data-src-fg=\"https:\/\/www.costaricasurfandsup.com\/sitio\/wp-content\/uploads\/cache\/2023\/06\/the-yacht\/4083016459.webp\" src=\"data:image\/svg+xml,%3Csvg%20xmlns%3D%22http%3A%2F%2Fwww.w3.org%2F2000%2Fsvg%22%20width%3D%22250%22%20height%3D%22250%22%20viewBox%3D%220%200%20250%20250%22%3E%3C%2Fsvg%3E\" loading=\"eager\"><\/span><span class=\"fg-image-overlay\"><\/span><\/a><\/figure><div class=\"fg-loader\"><\/div><\/div><div class=\"fg-item fg-type-image fg-idle\"><figure class=\"fg-item-inner\"><a href=\"https:\/\/www.costaricasurfandsup.com\/sitio\/wp-content\/uploads\/2023\/04\/people-surfing-maldives-galeria-3.webp\" data-attachment-id=\"1551\" data-type=\"image\" class=\"fg-thumb\"><span class=\"fg-image-wrap\"><img decoding=\"async\" alt=\"group of people surfing in Maldives islands\" width=\"250\" height=\"250\" class=\"skip-lazy fg-image\" data-src-fg=\"https:\/\/www.costaricasurfandsup.com\/sitio\/wp-content\/uploads\/cache\/2023\/04\/people-surfing-maldives-galeria-3\/2097397457.webp\" src=\"data:image\/svg+xml,%3Csvg%20xmlns%3D%22http%3A%2F%2Fwww.w3.org%2F2000%2Fsvg%22%20width%3D%22250%22%20height%3D%22250%22%20viewBox%3D%220%200%20250%20250%22%3E%3C%2Fsvg%3E\" loading=\"eager\"><\/span><span class=\"fg-image-overlay\"><\/span><\/a><\/figure><div class=\"fg-loader\"><\/div><\/div><div class=\"fg-item fg-type-image fg-idle\"><figure class=\"fg-item-inner\"><a href=\"https:\/\/www.costaricasurfandsup.com\/sitio\/wp-content\/uploads\/2023\/04\/girl-surfing-in-blue-water-maldives-caleria-4.webp\" data-attachment-id=\"1552\" data-type=\"image\" class=\"fg-thumb\"><span class=\"fg-image-wrap\"><img decoding=\"async\" alt=\"a maldives beach with single surfer waiting for waves\" width=\"250\" height=\"250\" class=\"skip-lazy fg-image\" data-src-fg=\"https:\/\/www.costaricasurfandsup.com\/sitio\/wp-content\/uploads\/cache\/2023\/04\/girl-surfing-in-blue-water-maldives-caleria-4\/1126681941.webp\" src=\"data:image\/svg+xml,%3Csvg%20xmlns%3D%22http%3A%2F%2Fwww.w3.org%2F2000%2Fsvg%22%20width%3D%22250%22%20height%3D%22250%22%20viewBox%3D%220%200%20250%20250%22%3E%3C%2Fsvg%3E\" loading=\"eager\"><\/span><span class=\"fg-image-overlay\"><\/span><\/a><\/figure><div class=\"fg-loader\"><\/div><\/div><div class=\"fg-item fg-type-image fg-idle\"><figure class=\"fg-item-inner\"><a href=\"https:\/\/www.costaricasurfandsup.com\/sitio\/wp-content\/uploads\/2023\/04\/people-surfing-in-turquoise-water-maldives-caleria-5.webp\" data-attachment-id=\"1553\" data-type=\"image\" class=\"fg-thumb\"><span class=\"fg-image-wrap\"><img decoding=\"async\" alt=\"a group of surfers waiting for waves in maldives islands\" width=\"250\" height=\"250\" class=\"skip-lazy fg-image\" data-src-fg=\"https:\/\/www.costaricasurfandsup.com\/sitio\/wp-content\/uploads\/cache\/2023\/04\/people-surfing-in-turquoise-water-maldives-caleria-5\/2612238611.webp\" src=\"data:image\/svg+xml,%3Csvg%20xmlns%3D%22http%3A%2F%2Fwww.w3.org%2F2000%2Fsvg%22%20width%3D%22250%22%20height%3D%22250%22%20viewBox%3D%220%200%20250%20250%22%3E%3C%2Fsvg%3E\" loading=\"eager\"><\/span><span class=\"fg-image-overlay\"><\/span><\/a><\/figure><div class=\"fg-loader\"><\/div><\/div><div class=\"fg-item fg-type-image fg-idle\"><figure class=\"fg-item-inner\"><a href=\"https:\/\/www.costaricasurfandsup.com\/sitio\/wp-content\/uploads\/2023\/04\/guy-surfing-in-maldives-caleria-6.webp\" data-attachment-id=\"1554\" data-type=\"image\" class=\"fg-thumb\"><span class=\"fg-image-wrap\"><img decoding=\"async\" alt=\"guy surfing a huge wave in maldives\" width=\"250\" height=\"250\" class=\"skip-lazy fg-image\" data-src-fg=\"https:\/\/www.costaricasurfandsup.com\/sitio\/wp-content\/uploads\/cache\/2023\/04\/guy-surfing-in-maldives-caleria-6\/2213528955.webp\" src=\"data:image\/svg+xml,%3Csvg%20xmlns%3D%22http%3A%2F%2Fwww.w3.org%2F2000%2Fsvg%22%20width%3D%22250%22%20height%3D%22250%22%20viewBox%3D%220%200%20250%20250%22%3E%3C%2Fsvg%3E\" loading=\"eager\"><\/span><span class=\"fg-image-overlay\"><\/span><\/a><\/figure><div class=\"fg-loader\"><\/div><\/div><div class=\"fg-item fg-type-image fg-idle\"><figure class=\"fg-item-inner\"><a href=\"https:\/\/www.costaricasurfandsup.com\/sitio\/wp-content\/uploads\/2023\/04\/friends-enjoy-travel-boat-galeria-7.webp\" data-attachment-id=\"1555\" data-type=\"image\" class=\"fg-thumb\"><span class=\"fg-image-wrap\"><img decoding=\"async\" alt=\"guys posing for a photo in a boat smiling\" width=\"250\" height=\"250\" class=\"skip-lazy fg-image\" data-src-fg=\"https:\/\/www.costaricasurfandsup.com\/sitio\/wp-content\/uploads\/cache\/2023\/04\/friends-enjoy-travel-boat-galeria-7\/3275514075.webp\" src=\"data:image\/svg+xml,%3Csvg%20xmlns%3D%22http%3A%2F%2Fwww.w3.org%2F2000%2Fsvg%22%20width%3D%22250%22%20height%3D%22250%22%20viewBox%3D%220%200%20250%20250%22%3E%3C%2Fsvg%3E\" loading=\"eager\"><\/span><span class=\"fg-image-overlay\"><\/span><\/a><\/figure><div class=\"fg-loader\"><\/div><\/div><div class=\"fg-item fg-type-image fg-idle\"><figure class=\"fg-item-inner\"><a href=\"https:\/\/www.costaricasurfandsup.com\/sitio\/wp-content\/uploads\/2023\/04\/boat-in-maldives-caleria-5.webp\" data-attachment-id=\"1565\" data-type=\"image\" class=\"fg-thumb\"><span class=\"fg-image-wrap\"><img decoding=\"async\" alt=\"boats in maldives\" width=\"250\" height=\"250\" class=\"skip-lazy fg-image\" data-src-fg=\"https:\/\/www.costaricasurfandsup.com\/sitio\/wp-content\/uploads\/cache\/2023\/04\/boat-in-maldives-caleria-5\/4147160959.webp\" src=\"data:image\/svg+xml,%3Csvg%20xmlns%3D%22http%3A%2F%2Fwww.w3.org%2F2000%2Fsvg%22%20width%3D%22250%22%20height%3D%22250%22%20viewBox%3D%220%200%20250%20250%22%3E%3C%2Fsvg%3E\" loading=\"eager\"><\/span><span class=\"fg-image-overlay\"><\/span><\/a><\/figure><div class=\"fg-loader\"><\/div><\/div><div class=\"fg-item fg-type-image fg-idle\"><figure class=\"fg-item-inner\"><a href=\"https:\/\/www.costaricasurfandsup.com\/sitio\/wp-content\/uploads\/2023\/04\/many-species-of-sea-wildlife-galeria-8.webp\" data-attachment-id=\"1556\" data-type=\"image\" class=\"fg-thumb\"><span class=\"fg-image-wrap\"><img decoding=\"async\" alt=\"sea species swim in clear waters, Maldives islands\" width=\"250\" height=\"250\" class=\"skip-lazy fg-image\" data-src-fg=\"https:\/\/www.costaricasurfandsup.com\/sitio\/wp-content\/uploads\/cache\/2023\/04\/many-species-of-sea-wildlife-galeria-8\/3328433651.webp\" src=\"data:image\/svg+xml,%3Csvg%20xmlns%3D%22http%3A%2F%2Fwww.w3.org%2F2000%2Fsvg%22%20width%3D%22250%22%20height%3D%22250%22%20viewBox%3D%220%200%20250%20250%22%3E%3C%2Fsvg%3E\" loading=\"eager\"><\/span><span class=\"fg-image-overlay\"><\/span><\/a><\/figure><div class=\"fg-loader\"><\/div><\/div><div class=\"fg-item fg-type-image fg-idle\"><figure class=\"fg-item-inner\"><a href=\"https:\/\/www.costaricasurfandsup.com\/sitio\/wp-content\/uploads\/2023\/04\/guy-jump-from-boat-galeria-9.webp\" data-attachment-id=\"1557\" data-type=\"image\" class=\"fg-thumb\"><span class=\"fg-image-wrap\"><img decoding=\"async\" alt=\"guy jumping from a boat\" width=\"250\" height=\"250\" class=\"skip-lazy fg-image\" data-src-fg=\"https:\/\/www.costaricasurfandsup.com\/sitio\/wp-content\/uploads\/cache\/2023\/04\/guy-jump-from-boat-galeria-9\/1802535248.webp\" src=\"data:image\/svg+xml,%3Csvg%20xmlns%3D%22http%3A%2F%2Fwww.w3.org%2F2000%2Fsvg%22%20width%3D%22250%22%20height%3D%22250%22%20viewBox%3D%220%200%20250%20250%22%3E%3C%2Fsvg%3E\" loading=\"eager\"><\/span><span class=\"fg-image-overlay\"><\/span><\/a><\/figure><div class=\"fg-loader\"><\/div><\/div><div class=\"fg-item fg-type-image fg-idle\"><figure class=\"fg-item-inner\"><a href=\"https:\/\/www.costaricasurfandsup.com\/sitio\/wp-content\/uploads\/2023\/04\/men-enjoy-boat-ride-maldives-galeria-10.webp\" data-attachment-id=\"1558\" data-type=\"image\" class=\"fg-thumb\"><span class=\"fg-image-wrap\"><img decoding=\"async\" alt=\"group of surfing people inside a boat\" width=\"250\" height=\"250\" class=\"skip-lazy fg-image\" data-src-fg=\"https:\/\/www.costaricasurfandsup.com\/sitio\/wp-content\/uploads\/cache\/2023\/04\/men-enjoy-boat-ride-maldives-galeria-10\/2280081325.webp\" src=\"data:image\/svg+xml,%3Csvg%20xmlns%3D%22http%3A%2F%2Fwww.w3.org%2F2000%2Fsvg%22%20width%3D%22250%22%20height%3D%22250%22%20viewBox%3D%220%200%20250%20250%22%3E%3C%2Fsvg%3E\" loading=\"eager\"><\/span><span class=\"fg-image-overlay\"><\/span><\/a><\/figure><div class=\"fg-loader\"><\/div><\/div><div class=\"fg-item fg-type-image fg-idle\"><figure class=\"fg-item-inner\"><a href=\"https:\/\/www.costaricasurfandsup.com\/sitio\/wp-content\/uploads\/2023\/04\/guy-surfing-below-waves-galeria-11.webp\" data-attachment-id=\"1559\" data-type=\"image\" class=\"fg-thumb\"><span class=\"fg-image-wrap\"><img decoding=\"async\" alt=\"surfer pass under the waves\" width=\"250\" height=\"250\" class=\"skip-lazy fg-image\" data-src-fg=\"https:\/\/www.costaricasurfandsup.com\/sitio\/wp-content\/uploads\/cache\/2023\/04\/guy-surfing-below-waves-galeria-11\/3810773195.webp\" src=\"data:image\/svg+xml,%3Csvg%20xmlns%3D%22http%3A%2F%2Fwww.w3.org%2F2000%2Fsvg%22%20width%3D%22250%22%20height%3D%22250%22%20viewBox%3D%220%200%20250%20250%22%3E%3C%2Fsvg%3E\" loading=\"eager\"><\/span><span class=\"fg-image-overlay\"><\/span><\/a><\/figure><div class=\"fg-loader\"><\/div><\/div><div class=\"fg-item fg-type-image fg-idle\"><figure class=\"fg-item-inner\"><a href=\"https:\/\/www.costaricasurfandsup.com\/sitio\/wp-content\/uploads\/2023\/04\/maldivas-surf-tour-1.webp\" data-attachment-id=\"1669\" data-type=\"image\" class=\"fg-thumb\"><span class=\"fg-image-wrap\"><img decoding=\"async\" alt=\"maldives atolls\" width=\"250\" height=\"250\" class=\"skip-lazy fg-image\" data-src-fg=\"https:\/\/www.costaricasurfandsup.com\/sitio\/wp-content\/uploads\/cache\/2023\/04\/maldivas-surf-tour-1\/3859778269.webp\" src=\"data:image\/svg+xml,%3Csvg%20xmlns%3D%22http%3A%2F%2Fwww.w3.org%2F2000%2Fsvg%22%20width%3D%22250%22%20height%3D%22250%22%20viewBox%3D%220%200%20250%20250%22%3E%3C%2Fsvg%3E\" loading=\"eager\"><\/span><span class=\"fg-image-overlay\"><\/span><\/a><\/figure><div class=\"fg-loader\"><\/div><\/div><div class=\"fg-item fg-type-image fg-idle\"><figure class=\"fg-item-inner\"><a href=\"https:\/\/www.costaricasurfandsup.com\/sitio\/wp-content\/uploads\/2023\/04\/maldives-islands-surf-tour-2.webp\" data-attachment-id=\"1670\" data-type=\"image\" class=\"fg-thumb\"><span class=\"fg-image-wrap\"><img decoding=\"async\" alt=\"maldives islands beach\" width=\"250\" height=\"250\" class=\"skip-lazy fg-image\" data-src-fg=\"https:\/\/www.costaricasurfandsup.com\/sitio\/wp-content\/uploads\/cache\/2023\/04\/maldives-islands-surf-tour-2\/299653018.webp\" src=\"data:image\/svg+xml,%3Csvg%20xmlns%3D%22http%3A%2F%2Fwww.w3.org%2F2000%2Fsvg%22%20width%3D%22250%22%20height%3D%22250%22%20viewBox%3D%220%200%20250%20250%22%3E%3C%2Fsvg%3E\" loading=\"eager\"><\/span><span class=\"fg-image-overlay\"><\/span><\/a><\/figure><div class=\"fg-loader\"><\/div><\/div><\/div>\n\n<p>&nbsp;<\/p>\n<\/div>\n","protected":false},"excerpt":{"rendered":"<p>Tour du monde de surf &nbsp; Le Surf World Tour, c&#8217;est vous et moi qui nous rendons sur les meilleurs spots pour am\u00e9liorer vos comp\u00e9tences en surf gr\u00e2ce \u00e0 l&#8217;analyse vid\u00e9o. Allez-y \u00e0 votre rythme. Am\u00e9liorez, apprenez et partagez vos connaissances avec les autres. Nous Con\u00e7u pour les surfeurs interm\u00e9diaires, tout le monde est le &hellip; <a href=\"https:\/\/www.costaricasurfandsup.com\/sitio\/fr\/tour-du-monde-de-surf\/\" class=\"more-link\">Continue reading <span class=\"screen-reader-text\">Tour du monde de surf<\/span> <span class=\"meta-nav\">&rarr;<\/span><\/a><\/p>\n","protected":false},"author":1,"featured_media":0,"parent":0,"menu_order":0,"comment_status":"closed","ping_status":"closed","template":"","meta":{"footnotes":""},"class_list":["post-1578","page","type-page","status-publish","hentry"],"yoast_head":"<!-- This site is optimized with the Yoast SEO plugin v25.3.1 - https:\/\/yoast.com\/wordpress\/plugins\/seo\/ -->\n<title>Tour du monde de surf - Costa Rica Surf and Up<\/title>\n<meta name=\"description\" content=\"El Surf World Tour consiste en surfear, conocer gente, visitar lugares ex\u00f3ticos, comer platos incre\u00edbles y pasarlo lo mejor posible.\" \/>\n<meta name=\"robots\" content=\"index, follow, max-snippet:-1, max-image-preview:large, max-video-preview:-1\" \/>\n<link rel=\"canonical\" href=\"https:\/\/www.costaricasurfandsup.com\/sitio\/fr\/tour-du-monde-de-surf\/\" \/>\n<script type=\"application\/ld+json\" class=\"yoast-schema-graph\">{\"@context\":\"https:\/\/schema.org\",\"@graph\":[{\"@type\":\"WebPage\",\"@id\":\"https:\/\/www.costaricasurfandsup.com\/sitio\/fr\/tour-du-monde-de-surf\/\",\"url\":\"https:\/\/www.costaricasurfandsup.com\/sitio\/fr\/tour-du-monde-de-surf\/\",\"name\":\"Tour du monde de surf - Costa Rica Surf and Up\",\"isPartOf\":{\"@id\":\"https:\/\/www.costaricasurfandsup.com\/sitio\/#website\"},\"primaryImageOfPage\":{\"@id\":\"https:\/\/www.costaricasurfandsup.com\/sitio\/fr\/tour-du-monde-de-surf\/#primaryimage\"},\"image\":{\"@id\":\"https:\/\/www.costaricasurfandsup.com\/sitio\/fr\/tour-du-monde-de-surf\/#primaryimage\"},\"thumbnailUrl\":\"https:\/\/www.costaricasurfandsup.com\/sitio\/wp-content\/uploads\/2023\/04\/surfing-tour-people.webp\",\"datePublished\":\"2023-04-25T14:42:37+00:00\",\"dateModified\":\"2023-04-25T14:45:25+00:00\",\"description\":\"El Surf World Tour consiste en surfear, conocer gente, visitar lugares ex\u00f3ticos, comer platos incre\u00edbles y pasarlo lo mejor posible.\",\"breadcrumb\":{\"@id\":\"https:\/\/www.costaricasurfandsup.com\/sitio\/fr\/tour-du-monde-de-surf\/#breadcrumb\"},\"inLanguage\":\"en-US\",\"potentialAction\":[{\"@type\":\"ReadAction\",\"target\":[\"https:\/\/www.costaricasurfandsup.com\/sitio\/fr\/tour-du-monde-de-surf\/\"]}]},{\"@type\":\"ImageObject\",\"inLanguage\":\"en-US\",\"@id\":\"https:\/\/www.costaricasurfandsup.com\/sitio\/fr\/tour-du-monde-de-surf\/#primaryimage\",\"url\":\"https:\/\/www.costaricasurfandsup.com\/sitio\/wp-content\/uploads\/2023\/04\/surfing-tour-people.webp\",\"contentUrl\":\"https:\/\/www.costaricasurfandsup.com\/sitio\/wp-content\/uploads\/2023\/04\/surfing-tour-people.webp\",\"width\":1000,\"height\":420,\"caption\":\"people posing for a photo in a luxury boat\"},{\"@type\":\"BreadcrumbList\",\"@id\":\"https:\/\/www.costaricasurfandsup.com\/sitio\/fr\/tour-du-monde-de-surf\/#breadcrumb\",\"itemListElement\":[{\"@type\":\"ListItem\",\"position\":1,\"name\":\"Home\",\"item\":\"https:\/\/www.costaricasurfandsup.com\/sitio\/en\/surf-lessons\/\"},{\"@type\":\"ListItem\",\"position\":2,\"name\":\"Tour du monde de surf\"}]},{\"@type\":\"WebSite\",\"@id\":\"https:\/\/www.costaricasurfandsup.com\/sitio\/#website\",\"url\":\"https:\/\/www.costaricasurfandsup.com\/sitio\/\",\"name\":\"Costa Rica Surf and Up\",\"description\":\"Surf and Sup in Santa Teresa in Costa Rica\",\"potentialAction\":[{\"@type\":\"SearchAction\",\"target\":{\"@type\":\"EntryPoint\",\"urlTemplate\":\"https:\/\/www.costaricasurfandsup.com\/sitio\/?s={search_term_string}\"},\"query-input\":{\"@type\":\"PropertyValueSpecification\",\"valueRequired\":true,\"valueName\":\"search_term_string\"}}],\"inLanguage\":\"en-US\"}]}<\/script>\n<!-- \/ Yoast SEO plugin. -->","yoast_head_json":{"title":"Tour du monde de surf - Costa Rica Surf and Up","description":"El Surf World Tour consiste en surfear, conocer gente, visitar lugares ex\u00f3ticos, comer platos incre\u00edbles y pasarlo lo mejor posible.","robots":{"index":"index","follow":"follow","max-snippet":"max-snippet:-1","max-image-preview":"max-image-preview:large","max-video-preview":"max-video-preview:-1"},"canonical":"https:\/\/www.costaricasurfandsup.com\/sitio\/fr\/tour-du-monde-de-surf\/","schema":{"@context":"https:\/\/schema.org","@graph":[{"@type":"WebPage","@id":"https:\/\/www.costaricasurfandsup.com\/sitio\/fr\/tour-du-monde-de-surf\/","url":"https:\/\/www.costaricasurfandsup.com\/sitio\/fr\/tour-du-monde-de-surf\/","name":"Tour du monde de surf - Costa Rica Surf and Up","isPartOf":{"@id":"https:\/\/www.costaricasurfandsup.com\/sitio\/#website"},"primaryImageOfPage":{"@id":"https:\/\/www.costaricasurfandsup.com\/sitio\/fr\/tour-du-monde-de-surf\/#primaryimage"},"image":{"@id":"https:\/\/www.costaricasurfandsup.com\/sitio\/fr\/tour-du-monde-de-surf\/#primaryimage"},"thumbnailUrl":"https:\/\/www.costaricasurfandsup.com\/sitio\/wp-content\/uploads\/2023\/04\/surfing-tour-people.webp","datePublished":"2023-04-25T14:42:37+00:00","dateModified":"2023-04-25T14:45:25+00:00","description":"El Surf World Tour consiste en surfear, conocer gente, visitar lugares ex\u00f3ticos, comer platos incre\u00edbles y pasarlo lo mejor posible.","breadcrumb":{"@id":"https:\/\/www.costaricasurfandsup.com\/sitio\/fr\/tour-du-monde-de-surf\/#breadcrumb"},"inLanguage":"en-US","potentialAction":[{"@type":"ReadAction","target":["https:\/\/www.costaricasurfandsup.com\/sitio\/fr\/tour-du-monde-de-surf\/"]}]},{"@type":"ImageObject","inLanguage":"en-US","@id":"https:\/\/www.costaricasurfandsup.com\/sitio\/fr\/tour-du-monde-de-surf\/#primaryimage","url":"https:\/\/www.costaricasurfandsup.com\/sitio\/wp-content\/uploads\/2023\/04\/surfing-tour-people.webp","contentUrl":"https:\/\/www.costaricasurfandsup.com\/sitio\/wp-content\/uploads\/2023\/04\/surfing-tour-people.webp","width":1000,"height":420,"caption":"people posing for a photo in a luxury boat"},{"@type":"BreadcrumbList","@id":"https:\/\/www.costaricasurfandsup.com\/sitio\/fr\/tour-du-monde-de-surf\/#breadcrumb","itemListElement":[{"@type":"ListItem","position":1,"name":"Home","item":"https:\/\/www.costaricasurfandsup.com\/sitio\/en\/surf-lessons\/"},{"@type":"ListItem","position":2,"name":"Tour du monde de surf"}]},{"@type":"WebSite","@id":"https:\/\/www.costaricasurfandsup.com\/sitio\/#website","url":"https:\/\/www.costaricasurfandsup.com\/sitio\/","name":"Costa Rica Surf and Up","description":"Surf and Sup in Santa Teresa in Costa Rica","potentialAction":[{"@type":"SearchAction","target":{"@type":"EntryPoint","urlTemplate":"https:\/\/www.costaricasurfandsup.com\/sitio\/?s={search_term_string}"},"query-input":{"@type":"PropertyValueSpecification","valueRequired":true,"valueName":"search_term_string"}}],"inLanguage":"en-US"}]}},"_links":{"self":[{"href":"https:\/\/www.costaricasurfandsup.com\/sitio\/wp-json\/wp\/v2\/pages\/1578"}],"collection":[{"href":"https:\/\/www.costaricasurfandsup.com\/sitio\/wp-json\/wp\/v2\/pages"}],"about":[{"href":"https:\/\/www.costaricasurfandsup.com\/sitio\/wp-json\/wp\/v2\/types\/page"}],"author":[{"embeddable":true,"href":"https:\/\/www.costaricasurfandsup.com\/sitio\/wp-json\/wp\/v2\/users\/1"}],"replies":[{"embeddable":true,"href":"https:\/\/www.costaricasurfandsup.com\/sitio\/wp-json\/wp\/v2\/comments?post=1578"}],"version-history":[{"count":2,"href":"https:\/\/www.costaricasurfandsup.com\/sitio\/wp-json\/wp\/v2\/pages\/1578\/revisions"}],"predecessor-version":[{"id":1580,"href":"https:\/\/www.costaricasurfandsup.com\/sitio\/wp-json\/wp\/v2\/pages\/1578\/revisions\/1580"}],"wp:attachment":[{"href":"https:\/\/www.costaricasurfandsup.com\/sitio\/wp-json\/wp\/v2\/media?parent=1578"}],"curies":[{"name":"wp","href":"https:\/\/api.w.org\/{rel}","templated":true}]}}